 + 4 = l. Calculate the remainder when 5 is divided by w.
2
Suppose t = 34 - 6. Let d(y) = -y**2 + 12*y - 4. Let i be d(7). Suppose -5*b + 44 = -i. Calculate the remainder when t is divided by b.
13
Let w(i) = -i**3 - i**2 + 2*i + 2. Let p be w(-2). Suppose -p*h + 12 + 8 = 0. What is the remainder when h is divided by 4?
2
Suppose 0 = 4*a + 2*a - 48. What is the remainder when a is divided by 3?
2
Suppose 4*h + 6 = 6*h. Let f(j) = 3*j + 2*j - j - 4. Calculate the remainder when 22 is divided by f(h).
6
Suppose -5 = -s + 5*m + 67, 5*s - 240 = m. What is the remainder when 137 is divided by s?
43
Suppose 0 = r + 2*r. Suppose 4*i + r = 4. Let a = 2 + 0. What is the remainder when a is divided by i?
0
Let f = 3 - -2. Suppose 47 = f*n - 23. Calculate the remainder when 55 is divided by n.
13
Let s(q) = -q**3 + q**2 + 16. Suppose -2*w = 2*w. Calculate the remainder when 46 is divided by s(w).
14
Suppose -125 + 25 = -5*r. What is the remainder when r is divided by 6?
2
Suppose -n - 4*n + 206 = 4*o, -2*n = -2*o - 68. What is the remainder when 187 is divided by n?
35
Let f be 2 + 13*(2 + -1). Let s = f + -7. Suppose -7*p + 32 = 11. Calculate the remainder when s is divided by p.
2
Let u be 3 + 1/(-1) + 0. Suppose 4*a - 14 = 6. What is the remainder when a is divided by 0 - (3 - u) - -4?
2
Let i(b) = -2*b - 17. Let w be ((-12)/3 - 3)*2. What is the remainder when i(w) is divided by 3?
2
Suppose -6 = 4*t - 38. Let w = -49 + 114. Let h = w - 42. Calculate the remainder when h is divided by t.
7
Let l = 11 - 15. Suppose -40 = 7*i - 2*i + 5*p, 0 = i + 5*p. Calculate the remainder when 21 is divided by l/i + 116/10.
9
Let z(u) = 3*u**3 - 3*u**2 + 2*u. Let s = 3 + -1. Let y be z(s). Calculate the remainder when 17 is divided by 1/4 + 140/y.
8
What is the remainder when -2*(3 + -4) - -7 is divided by 0 + (4 - (-1 - 0))?
4
Let g = 74 + -41. What is the remainder when g is divided by 9?
6
Let u = 3 - 1. Suppose -l + 2*b = -10, b = u*l + 3*l - 23. Calculate the remainder when 11 is divided by l.
3
Let k(q) = 2*q**3 - 11*q**2 + 7*q - 9. Calculate the remainder when k(7) is divided by 48.
43
Suppose 0 = -5*v - m - 375, 5*v - 2*m + m = -375. Let i = 130 + v. Calculate the remainder when i is divided by 19.
17
Let a be 1/(2/106 - 0). Suppose -2*m + 102 = -4*v, -3*v = 4*m - 107 - a. What is the remainder when m is divided by 15?
13
Let p(n) = n**3 + 2*n**2 - 2*n + 1. Suppose -6 = -v + 27. Let a = 47 - v. What is the remainder when p(3) is divided by a?
12
Let j = -11 - -175. What is the remainder when 45 is divided by 18/(-45) + j/10?
13
Suppose 0 - 40 = -4*q. Suppose -k - k = -6. Suppose -15 = -k*a - 0*a, -m + 4*a = 2. What is the remainder when m is divided by q?
8
Let u(w) = w**2 - 2*w - 3. Let m be u(-4). Suppose 0 = -2*n - n + 3*a + 9, 3*a + m = 5*n. Let t = 4 - 2. Calculate the remainder when n is divided by t.
0
Let f(p) = -46*p. Let z(a) = a**3 + a**2 - 3. Let t be z(0). Let y be 3/t*(-1 - -2). What is the remainder when f(y) is divided by 16?
14
Calculate the remainder when 69 is divided by (70/(-21))/(1/(-3)).
9
Let m be 1/(22/10 - 2). Suppose 7 + 13 = m*n. Suppose -8 = n*z - 96. What is the remainder when z is divided by 8?
6
Let i(y) = -2*y + 3. Calculate the remainder when i(-10) is divided by 6.
5
Let t(p) = -8*p**2 + 3*p + 6. Let b(x) = -9*x**2 + 3*x + 7. Let f(y) = 6*b(y) - 7*t(y). Let d = -1 - -3. Calculate the remainder when 4 is divided by f(d).
0
Let t be ((-20)/(-6))/(10/15). Let y = 12 - t. What is the remainder when 13 is divided by y?
6
Suppose -j = 3*j + 4*q - 352, 2*q = -3*j + 261. What is the remainder when j is divided by 29?
27
Let w(u) = 5*u - 15. Calculate the remainder when 5 is divided by w(4).
0
Suppose -n + 0*n + 5*b = -117, -4*n - 3*b = -353. What is the remainder when n is divided by 24?
20
Let h be (-2)/7 - 46/(-14). Suppose -h*w - 5 = -83. Calculate the remainder when w is divided by 14.
12
Suppose 1 = c - 2. Let p = 15 - c. What is the remainder when 1 - 1 - (-34 - 1) is divided by p?
11
Suppose 11 = 2*c + a, -4*c - a + 13 + 8 = 0. Calculate the remainder when 15 is divided by c.
0
Let d = -80 - -92. Calculate the remainder when 31 is divided by d.
7
Calculate the remainder when 31 is divided by ((-6)/(-3))/(2/12).
7
Suppose -2*c - 5*z + 32 = 0, 4*c - 50 = -c - 5*z. Suppose c*d = 2*d + 116. Let o = 0 - -10. What is the remainder when d is divided by o?
9
Suppose 0 = f - 2*v - 29, 0*f + 2*f = -v + 43. What is the remainder when 64 is divided by f?
18
Let u(c) = c - 5. Let l be u(8). Suppose -2*j + l = -3. Calculate the remainder when 5 is divided by j.
2
What is the remainder when -5 - (1 + -2) - -62 is divided by 30?
28
Let c(v) = 36*v + 2 + 0 - 33*v. What is the remainder when 27 is divided by c(4)?
13
Suppose -3*v - 27 = -6*v. Suppose -5*h - 336 = -3*l - 27, 67 = -h - 2*l. Let b = h - -97. What is the remainder when b is divided by v?
7
Let h be ((-24)/9 - -2)*-3. Suppose 13 + 7 = h*x. What is the remainder when 27 is divided by x?
7
Suppose 0 = -5*k + 3*m - 2*m + 47, 5*m + 5 = 2*k. Calculate the remainder when 17 is divided by k.
7
Let m(w) = w**2 - w - 1. Let p be m(2). Let j = p + -1. Suppose -4*f - 3*u = -j*f - 61, -4*u = f + 1. What is the remainder when f is divided by 10?
9
Let r(v) = 12*v**2. Calculate the remainder when 69 is divided by r(-1).
9
Let y(o) = -5*o - 39. Let u be y(-12). Suppose 3*p + 12 = p + 4*k, -2*k + 10 = -2*p. Let n = u + p. Calculate the remainder when 33 is divided by n.
16
Let q(p) be the first derivative of p**3/3 + p**2 + p + 1. Let u = 16 - 11. What is the remainder when q(-4) is divided by u?
4
Let q = 21 + -31. Let a = q - -19. Calculate the remainder when a is divided by 5.
4
Let t = -30 + 42. Suppose t = -4*i + v, -v = 5*i - 3*v + 18. Let s(n) = 9*n**2 + 3*n + 2. What is the remainder when s(i) is divided by 17?
15
Calculate the remainder when (-8)/(-1)*(-3 - -9) is divided by 17.
14
Let b = 3 + 1. Let a(j) = -1 + j**2 - 8*j + b*j + 2. Calculate the remainder when a(4) is divided by 1.
0
Let a = 6 - 6. Suppose a*z - z = -12. What is the remainder when z is divided by 7?
5
Let q be (-32)/2 - 2*1. Let r = 10 + q. Let p = 16 + r. What is the remainder when 15 is divided by p?
7
Let h(t) = 0 - 11*t - 2*t**3 - 10*t**2 - 13 + t**3. What is the remainder when (-2)/2*28/(-2) is divided by h(-9)?
4
Suppose 14*o = 17*o - 75. Calculate the remainder when o is divided by 10.
5
Suppose i = 4*i - 48. What is the remainder when 46 is divided by i?
14
Let h(p) = p - 5. Let d be h(5). Suppose d*r - 4 = -2*r. Calculate the remainder when 7 is divided by r.
1
Let h = -65 - -163. Calculate the remainder when h is divided by 28.
14
Let s(o) = 0 - 2 + 13*o - 5. Calculate the remainder when s(6) is divided by 18.
17
Calculate the remainder when (23/4)/(3/12) is divided by 117/21 - (-9)/21.
5
Let r(f) = f**3 - 3*f**2 - 2*f + 5. Let a be r(4). Suppose 2*p + 3 = a. What is the remainder when 8 is divided by p?
3
Suppose -11*c + 7*c + 40 = 0. Calculate the remainder when 19 is divided by c.
9
Let g(b) = -10*b + 11. Calculate the remainder when g(-3) is divided by 14.
13
Suppose 3*h = 3 - 0. What is the remainder when (h/(-1))/((-1)/41) is divided by 14?
13
Let m(q) = -1. Suppose 2*l = 3*l + 1. Let z(x) = x - 9. Let o(f) = l*z(f) + 6*m(f). Calculate the remainder when o(-3) is divided by 4.
2
Suppose 7*f - 3*f = 88. What is the remainder when f is divided by 6?
4
Let z(w) = -4*w + 1. Let a = 1 + 6. Calculate the remainder when z(-3) is divided by a.
6
Let b = 8 - -20. Calculate the remainder when b is divided by 15.
13
Let c be (8/5 + -2)*-10. Suppose 0 = c*u - o - 49, -5*u + 0*u + 40 = 3*o. Calculate the remainder when 41 is divided by u.
8
Let v = -1 - 4. Let x = 6 - v. Calculate the remainder when 21 is divided by x.
10
Suppose 4*v - 11 = 9. Suppose -3*n + 8*n - 122 = t, 3*n - v*t - 60 = 0. Calculate the remainder when n is divided by 14.
11
Calculate the remainder when 38 is divided by ((-24)/(-28)*105/3)/2.
8
Let v be (-24)/(-14) - (-8)/28. Suppose g + v*g = 66. Let j = g + 1. Calculate the remainder when j is divided by 12.
11
Suppose 0*v = -5*v + 235. What is the remainder when v is divided by 16?
15
Calculate the remainder when (-1652)/(-35) + 1/(-5) is divided by 12.
11
Let q = -12 + 15. Suppose 5*i = 